/x + -3)?
6
Suppose -6*l + 4*l + 5*r = 9, -4*l + 24 = 4*r. Suppose 0 = c + 3*c, z - l*c - 1062 = 0. What is the units digit of z?
2
Let v = -10 - -25. Suppose 51*k = 46*k - v. What is the tens digit of (k - 3464/(-36)) + (-4)/18?
9
Let j = -25523 - -32273. What is the units digit of j?
0
What is the tens digit of (-2)/(-26) - (-2809956)/598?
9
Let p be (-5)/6 - 28113/(-18). Suppose 0 = 4*x - p - 1403. What is the units digit of x?
1
Suppose 33*y - 28*y - 180 = 0. Let h = -36 + y. Suppose j + 4*m - 19 - 56 = h, -300 = -4*j - 3*m. What is the tens digit of j?
7
Let i be (2 - (3 - 7)) + -4. Suppose -i*q = -9*q + 28. Suppose k + 4*k - 187 = -q*p, k = -4*p + 47. What is the tens digit of k?
3
Let d(l) = 2*l**2 + l + 5. Let j be d(0). Let w(s) = 2*s**2 - s + 16. Let h be w(j). Let g = h - 53. What is the units digit of g?
8
Let s be (-18)/144 + 1103/(-8). Suppose -2*z + 6*z - 968 = 4*b, 2*b + 246 = z. Let n = z + s. What is the hundreds digit of n?
1
Suppose 74 + 8 = 3*b - 4*o, -79 = -3*b + o. Let u(c) = c**2 - 21*c + 32. What is the tens digit of u(b)?
6
Let b = 3515 + 2720. What is the hundreds digit of b?
2
What is the units digit of (797323/(-103))/(8/(-5) - (-6)/10)?
1
Suppose 3*j + 3*o = 98391, -j + o + 29307 + 3496 = 0. What is the thousands digit of j?
2
Let t(j) = -12*j**2 - 103*j + 9. Suppose q = 5*v + 44, 2*v - 4 = 3*v + q. What is the units digit of t(v)?
5
Suppose 3*j - 2*s = 1387 + 553, -2*s - 2588 = -4*j. Suppose 0*u + 3 = -u, 3*a - j = -u. What is the units digit of a?
7
Suppose 125028 = 27*v - 45612. What is the units digit of v?
0
Let x be (-10)/3*((-10)/4 - -1). Suppose 4*m - x*o = 1277, -3*m + 3*o + 960 = -0*m. What is the units digit of m?
3
Let v be 20/(-120) + -2 + (-1102)/12. Let z = -87 - v. What is the tens digit of ((492/(-7))/2)/((-1)/z)?
4
Let f = -168 + 170. Suppose -2*n = -f*p - 696, 3*n = -5*p + 875 + 201. What is the units digit of n?
2
What is the ten thousands digit of ((-3506)/4)/((330/(-72))/(-5) - 1)?
1
Let c(y) = 6*y**2 + 16*y - 32. Let t(p) = -7*p**2 - 17*p + 32. Let l(r) = 6*c(r) + 5*t(r). Suppose -2*i + 14 = -2. What is the tens digit of l(i)?
2
Let p = 10351 - 6831. What is the units digit of p?
0
What is the hundreds digit of (125 + -124)*(1 - (-40244)/2)?
1
Let g(u) = 20*u**2 + 14*u - 468. What is the units digit of g(22)?
0
Let r = -111 + 115. Suppose 8 = r*j - 6*w + 5*w, 25 = 3*j + 4*w. Suppose 0 = 4*t + 3*m - 0*m - 925, 695 = j*t + 2*m. What is the hundreds digit of t?
2
Suppose 3*x + 334 = 4*g, 8*x - 5*x + 79 = g. Suppose g - 13 = -b. Let c = b + 223. What is the tens digit of c?
5
Suppose -a - 3*o - 632 = -5*o, 3*o + 607 = -a. Let r = a + 969. What is the units digit of r?
7
Let j(h) = 4*h**2 - 16*h + 9. Let n be j(4). Let d = n - -74. What is the units digit of d?
3
What is the units digit of -72*(-5 + 1055/(-15) - 12/2)?
6
Suppose 5*i = -2*s + 2, -5*s + 5*i + 26 + 14 = 0. Suppose -2*t = 2*t, -3*x + s = -5*t. What is the tens digit of (0 - -175)*x/5?
7
Let q(p) = 32*p - 37. Suppose -4*c = w - 20, -21*w - c + 11 = -20*w. What is the hundreds digit of q(w)?
2
Suppose 3*j + 2413 = p, 0 = -p - 15*j + 20*j + 2413. What is the hundreds digit of p?
4
Suppose 0 = v - 120 + 93. Let b = v - 24. What is the hundreds digit of ((-314)/(-2))/(b + -2)?
1
Suppose 0 = 3*s + 4*s - 98. What is the hundreds digit of (s/(-10))/(8/(-920))?
1
Suppose -9*h + 5*h = -8, -5*n - 2*h = 1836. Let w = n + 757. What is the hundreds digit of w?
3
Let p be 4/(-48)*3 + 1396/16. Let x be (-5 + 3)/((-4)/(-18)). Let m = x + p. What is the units digit of m?
8
Let i(s) = -24*s + 209. What is the tens digit of i(-3)?
8
Suppose 0 = -c - 3*o + 38264, 0 = -3*c - 12*o + 11*o + 114744. What is the tens digit of c?
4
Suppose 4*n + 288 - 2264 = 0. What is the hundreds digit of n?
4
Suppose 0 = 13*y - 122 - 151. Let x = y + 96. What is the units digit of x?
7
What is the hundreds digit of (28026/36 + 10)/(((-5)/12)/(-5))?
4
Let l(m) = -8*m - 63. Let v(a) = -2*a**2 + 32*a + 252. Let n(f) = -9*l(f) - 2*v(f). What is the hundreds digit of n(-5)?
1
Suppose 67*n - 343574 - 204352 = 0. What is the hundreds digit of n?
1
Let y be 1*(288/6 - 1). Suppose 0 = -11*p + 206 + y. What is the tens digit of p?
2
What is the ten thousands digit of (153477/9 - 14) + 1 + (-3)/(-3)?
1
Let u be (-44)/110 + 22/5 + -8. Let j(x) = 27*x**2 - 15*x - 62. What is the units digit of j(u)?
0
Suppose 28*w - 24*w + 12 = y, 0 = w + 2. Let c be 244/2*1*-1. What is the tens digit of c/(-4)*(-2 + y)?
6
Let h be (((-24)/5)/(-6))/((-1)/85). What is the tens digit of 11/(-4)*-191 - (-17)/h?
2
Suppose 39*z - 24423 - 65096 = 11530. What is the units digit of z?
1
Suppose -16*y + 9990 = 2*y. Let q = y - 262. What is the hundreds digit of q?
2
Let a(v) = 695*v**3 - 3*v**2 + 2*v - 1. Let w be a(1). Let m = -528 + w. What is the tens digit of m?
6
Let a(g) = 4*g - 3. Let v be 5/1 + -2 + (-2 - -1). Let k be a(v). What is the tens digit of 54/(12/4)*(k - 0)?
9
Suppose -2*h + 5*j - 800 = 3*h, -3*h - 501 = 4*j. Let d = -136 - h. What is the units digit of d?
7
Suppose 73105 = 5*p - 2465. What is the units digit of p?
4
What is the thousands digit of (-6)/4*-2 + (20601 - -5)?
0
Let h(u) = -18*u**2. Let x be h(-2). Let k = -69 - x. Suppose 5*p + 19 = 5*c - k*c, -p + 27 = c. What is the units digit of c?
2
Let x = -10848 + 16321. What is the tens digit of x?
7
Let f = -1 + 4. Suppose -3*l = f, -r = -2*r - 5*l + 219. Suppose -r = -y - 7*y. What is the tens digit of y?
2
Suppose c - 4415 = 4*a, c = -a + 4010 + 385. What is the units digit of c?
9
Let b = 25 - 1. Suppose 0 = 2*q - 6*q + b. Suppose -s + 65 = 5*v, q*v - 145 = -2*s + v. What is the units digit of s?
0
Let i = -104 - -111. Suppose i*k - 1289 = 538. What is the tens digit of k?
6
Let i be ((-910)/26)/(2 - 87/42). Suppose i + 4730 = 15*m. What is the hundreds digit of m?
3
Let b be (-24765)/60 - ((-10)/8)/(-5). Let q = b + 132. What is the units digit of 18/(-27)*q/2*3?
1
Let x = -6 + 2. Let w(z) be the third derivative of 7*z**5/60 + z**4/24 - z**3/2 - 578*z**2. What is the hundreds digit of w(x)?
1
Suppose 3*w - 4*l = -8, 2*w - 5*l + 17 = -0*w. Let h be -302*(-4 + 14/w). Suppose -109 = -4*z + h. What is the units digit of z?
5
Suppose -15*h + 7*h - 728 = 0. Let k be (-848)/(-40)*(-10)/(-6)*-3. Let c = h - k. What is the tens digit of c?
1
Suppose -2*l = 2*u + 4042, 5*l - 3*u + 2001 = 4*l. Let v be 4/22*1 - l/528. Suppose 0 = -5*r - o + 633, -v*o + 2*o = r - 123. What is the tens digit of r?
2
Let k = -21 + 31. Suppose 2*a = -2*h + k, 4*h - 2 - 9 = 5*a. Suppose h*n = 34 + 130. What is the units digit of n?
1
Suppose 0 = -3*t + 6*t + 3675. What is the units digit of 9/9*-3 - t?
2
Suppose 2*s - 50 - 348 = 0. Let l = 180 + -257. Let u = s + l. What is the hundreds digit of u?
1
Suppose 3*m - 114 = p, 8*m - 4*p + 152 = 12*m. Suppose 2*q - 2*g - 348 = 0, 0 = q + 5*g - 142 - m. What is the hundreds digit of q?
1
What is the hundreds digit of (-12)/(-10) + (-73128)/(-110)?
6
Let j(r) be the third derivative of -r**6/120 + 7*r**5/30 + 17*r**4/24 - 3*r**3/2 + r**2. Let t = -2856 - -2871. What is the tens digit of j(t)?
2
Let b = -520 + 523. Suppose -4*n + 803 = -709. Suppose 0*v + b*v = n. What is the hundreds digit of v?
1
Let i(n) = 2*n**2 - n - 3. Let c be i(2). Suppose g + 3 = -t + 2, -c*g + 4*t + 4 = 0. Suppose 14*o - 11*o - 216 = g. What is the tens digit of o?
7
Suppose -562*l + 4787945 + 1344599 = 0. What is the thousands digit of l?
0
Let g be (3 - 6)/((-5)/410). Let t = g + 233. What is the tens digit of t?
7
Let f = 8452 - 4742. Suppose 4*m - f = 1034. What is the units digit of m?
6
Let h(c) = 6*c - 16. Suppose -22 = -4*f + 5*j, -4*f = 4*j - 0*j - 4. Let m be h(f). What is the units digit of m/8 - (-2044)/16?
8
Suppose -94 = -5*i - 0*i + 4*l, 0 = -i + 2*l + 20. Suppose 10 = i*f - 314. What is the units digit of f?
8
Suppose 4*a + 814 = a - 5*p, -2*p = -3*a - 800. Let h = -214 - a. What is the units digit of h?
4
Suppose -y = -5*n - 32, 4*y + n - 32 = -3*n. Suppose -5*q - 2*p + 6820 = 0, -y*q = -17*q + 4*p + 6790. What is the tens digit of q?
6
What is the tens digit of 273/(-91)*6238/4*-2?
5
Let n(p) = -1 - 8*p + 10*p + 20*p. Let h(k) = k**2 + 60*k - 393. Let o be h(-66). What is the tens digit of n(o)?
6
Suppose -2*c - 13 = 31. Le